.
327059
What are the prime factors of 5073045?
3, 5, 338203
List the prime factors of 3211452.
2, 3, 37, 2411
What are the prime factors of 1762957?
7, 43, 5857
List the prime factors of 855860.
2, 5, 42793
List the prime factors of 1038564.
2, 3, 17, 1697
List the prime factors of 1158505.
5, 231701
List the prime factors of 22525889.
157, 143477
List the prime factors of 960607.
73, 13159
What are the prime factors of 912414?
2, 3, 41, 3709
List the prime factors of 2096042.
2, 13, 19, 4243
List the prime factors of 1927529.
1259, 1531
List the prime factors of 51669.
3, 5741
List the prime factors of 1143280.
2, 5, 31, 461
What are the prime factors of 1775895?
3, 5, 11, 47, 229
What are the prime factors of 156554?
2, 78277
What are the prime factors of 237474?
2, 3, 79, 167
List the prime factors of 268108.
2, 97, 691
What are the prime factors of 16521180?
2, 3, 5, 13, 59, 359
List the prime factors of 3806804.
2, 73, 13037
List the prime factors of 196691.
11, 17881
List the prime factors of 20381940.
2, 3, 5, 113233
What are the prime factors of 138342?
2, 3, 23057
List the prime factors of 440469.
3, 109, 449
List the prime factors of 528266.
2, 264133
What are the prime factors of 122912?
2, 23, 167
List the prime factors of 19191675.
3, 5, 83, 3083
List the prime factors of 24981673.
29, 861437
What are the prime factors of 15190?
2, 5, 7, 31
List the prime factors of 2772875.
5, 7, 3169
List the prime factors of 754549.
754549
What are the prime factors of 2044540?
2, 5, 151, 677
List the prime factors of 2078471.
17, 122263
List the prime factors of 457932.
2, 3, 31, 1231
List the prime factors of 8630449.
8630449
List the prime factors of 654974.
2, 37, 53, 167
What are the prime factors of 395461?
11, 35951
List the prime factors of 2501561.
103, 149, 163
What are the prime factors of 31984876?
2, 7, 11, 113, 919
What are the prime factors of 831921?
3, 43, 6449
What are the prime factors of 1250076?
2, 3, 104173
List the prime factors of 2527085.
5, 11, 4177
List the prime factors of 3722216.
2, 465277
List the prime factors of 82996.
2, 20749
List the prime factors of 994751.
994751
What are the prime factors of 1225675?
5, 11, 4457
What are the prime factors of 275027?
275027
List the prime factors of 549532.
2, 137383
What are the prime factors of 1945014?
2, 3, 179, 1811
List the prime factors of 13224175.
5, 528967
What are the prime factors of 1044990?
2, 3, 5, 17, 683
What are the prime factors of 1928097?
3, 71411
What are the prime factors of 1551677?
1551677
What are the prime factors of 2369381?
7, 59, 5737
What are the prime factors of 5737924?
2, 19, 103, 733
What are the prime factors of 6293537?
193, 32609
List the prime factors of 3432806.
2, 13, 19, 6949
List the prime factors of 346831.
346831
What are the prime factors of 8834464?
2, 53, 5209
List the prime factors of 30110731.
7, 53, 277, 293
What are the prime factors of 6906763?
6906763
What are the prime factors of 3673651?
3673651
What are the prime factors of 15374438?
2, 7687219
List the prime factors of 5037320.
2, 5, 125933
What are the prime factors of 1322536?
2, 165317
List the prime factors of 1054745.
5, 193, 1093
List the prime factors of 696814.
2, 348407
List the prime factors of 410371.
13, 31567
What are the prime factors of 2639833?
7, 149, 2531
What are the prime factors of 2100093?
3, 29, 101, 239
List the prime factors of 168933.
3, 56311
What are the prime factors of 74549?
127, 587
List the prime factors of 391374.
2, 3, 17, 1279
What are the prime factors of 511528?
2, 43, 1487
List the prime factors of 492939.
3, 18257
What are the prime factors of 8570616?
2, 3, 357109
List the prime factors of 52417.
23, 43, 53
What are the prime factors of 3882976?
2, 121343
List the prime factors of 22474412.
2, 269, 20887
List the prime factors of 2869782.
2, 3, 29, 16493
What are the prime factors of 23464460?
2, 5, 1173223
List the prime factors of 4462016.
2, 13, 31, 173
What are the prime factors of 9493?
11, 863
List the prime factors of 3884445.
3, 5, 37, 2333
List the prime factors of 327576.
2, 3, 13649
What are the prime factors of 6871610?
2, 5, 687161
What are the prime factors of 1272537?
3, 7, 6733
List the prime factors of 20372273.
17, 23, 52103
List the prime factors of 2733604.
2, 683401
List the prime factors of 1280486.
2, 19, 31, 1087
List the prime factors of 1507194.
2, 3, 13, 19, 113
List the prime factors of 98307.
3, 11, 331
What are the prime factors of 1893189?
3, 127, 4969
What are the prime factors of 2090300?
2, 5, 20903
What are the prime factors of 13296834?
2, 3, 738713
What are the prime factors of 9735792?
2, 3, 11, 18439
List the prime factors of 13455272.
2, 37, 131, 347
List the prime factors of 466627.
7, 89, 107
List the prime factors of 1249292.
2, 11, 28393
What are the prime factors of 979860?
2, 3, 5, 7, 2333
List the prime factors of 371142.
2, 3, 29, 79
List the prime factors of 7961370.
2, 3, 5, 29, 9151
What are the prime factors of 923982?
2, 3, 153997
List the prime factors of 5256486.
2, 3, 292027
List the prime factors of 196190.
2, 5, 23, 853
List the prime factors of 1474294.
2, 737147
List the prime factors of 324735.
3, 5, 21649
What are the prime factors of 42181392?
2, 3, 11, 79889
What are the prime factors of 2350512?
2, 3, 5441
What are the prime factors of 783326?
2, 17, 23039
List the prime factors of 1528.
2, 191
List the prime factors of 79376.
2, 11, 41
List the prime factors of 1412673.
3, 470891
What are the prime factors of 1296602?
2, 23, 71, 397
What are the prime factors of 622294?
2, 31, 10037
List the prime factors of 1043219.
853, 1223
What are the prime factors of 863942?
2, 251, 1721
What are the prime factors of 3228228?
2, 3, 71, 421
What are the prime factors of 4555970?
2, 5, 455597
What are the prime factors of 34956414?
2, 3, 647341
What are the prime factors of 5257855?
5, 1051571
List the prime factors of 133487.
29, 4603
List the prime factors of 1437330.
2, 3, 5, 47911
List the prime factors of 337245.
3, 5, 22483
What are the prime factors of 129900?
2, 3, 5, 433
List the prime factors of 377996.
2, 53, 1783
What are the prime factors of 7543505?
5, 757, 1993
What are the prime factors of 987020?
2, 5, 17, 2903
What are the prime factors of 1482906?
2, 3, 59, 71
List the prime factors of 1233414.
2, 3, 7, 13, 251
What are the prime factors of 331413?
3, 61, 1811
List the prime factors of 292960.
2, 5, 1831
List the prime factors of 3972510.
2, 3, 5, 14713
List the prime factors of 1497709.
1171, 1279
What are the prime factors of 193902?
2, 3, 17, 1901
What are the prime factors of 148710?
2, 3, 5, 4957
List the prime factors of 17315.
5, 3463
What are the prime factors of 8596525?
5, 7, 49123
List the prime factors of 1167055.
5, 101, 2311
What are the prime factors of 13726007?
281, 48847
List the prime factors of 248466.
2, 3, 41411
What are the prime factors of 2606?
2, 1303
What are the prime factors of 126587?
103, 1229
List the prime factors of 4254282.
2, 3, 26261
What are the prime factors of 1613246?
2, 683, 1181
List the prime factors of 16233977.
16233977
List the prime factors of 7643476.
2, 1910869
List the prime factors of 272369.
272369
List the prime factors of 28333595.
5, 89, 63671
List the prime factors of 5417772.
2, 3, 451481
List the prime factors of 322597.
11, 29327
What are the prime factors of 1187423?
1021, 1163
What are the prime factors of 990811?
17, 167, 349
What are the prime factors of 1833543?
3, 59, 1151
List the prime factors of 317544.
2, 3, 101, 131
List the prime factors of 311461.
59, 5279
List the prime factors of 3064200.
2, 3, 5, 5107
What are the prime factors of 892748?
2, 83, 2689
List the prime factors of 781850.
2, 5, 19, 823
List the prime factors of 527683.
13, 40591
List the prime factors of 1626676.
2, 53, 7673
List the prime factors of 4278237.
3, 17, 149, 563
What are the prime factors of 11347535?
5, 2269507
What are the prime factors of 428989?
11, 59, 661
List the prime factors of 803696.
2, 50231
What are the prime factors of 416781?
3, 46309
What are the prime factors of 327450?
2, 3, 5, 37, 59
What are the prime factors of 772422?
2, 3, 7, 53, 347
What are the prime factors of 2966507?
296650